 is the greatest common divisor of 979 and 55?
11
Calculate the highest common factor of 16 and 270.
2
Calculate the greatest common factor of 10 and 250.
10
What is the highest common factor of 5074 and 590?
118
Calculate the highest common divisor of 48 and 42.
6
Calculate the greatest common factor of 11688 and 24.
24
Calculate the highest common divisor of 34 and 86.
2
What is the highest common factor of 594 and 198?
198
Calculate the highest common factor of 484 and 44.
44
What is the highest common divisor of 23037 and 21?
21
What is the highest common factor of 39 and 375?
3
Calculate the highest common divisor of 28242 and 108.
54
What is the highest common divisor of 96 and 1696?
32
What is the highest common divisor of 412 and 12?
4
Calculate the greatest common factor of 82 and 697.
41
What is the greatest common factor of 791 and 113?
113
What is the highest common divisor of 330 and 5192?
22
What is the greatest common divisor of 88 and 552?
8
Calculate the highest common divisor of 4382 and 14.
14
What is the highest common divisor of 88 and 1496?
88
What is the highest common divisor of 790 and 10?
10
Calculate the highest common divisor of 348 and 609.
87
What is the greatest common factor of 738 and 72?
18
What is the highest common factor of 621 and 135?
27
Calculate the highest common factor of 4 and 2768.
4
Calculate the highest common divisor of 3892 and 224.
28
Calculate the greatest common divisor of 1378 and 26.
26
What is the greatest common divisor of 24 and 396?
12
Calculate the greatest common factor of 2050 and 150.
50
What is the greatest common divisor of 7830 and 174?
174
Calculate the highest common divisor of 22 and 902.
22
Calculate the highest common factor of 1943 and 536.
67
Calculate the greatest common factor of 86 and 688.
86
What is the greatest common divisor of 39684 and 12?
12
Calculate the highest common divisor of 845 and 7215.
65
What is the highest common divisor of 12 and 26364?
12
What is the highest common divisor of 100 and 950?
50
Calculate the highest common factor of 75 and 294.
3
Calculate the highest common factor of 11 and 671.
11
What is the highest common divisor of 56091 and 21?
21
Calculate the greatest common factor of 17 and 3247.
17
Calculate the greatest common divisor of 42 and 189.
21
Calculate the greatest common factor of 66 and 55.
11
Calculate the highest common factor of 32 and 944.
16
Calculate the highest common divisor of 25 and 11325.
25
Calculate the highest common factor of 4000 and 160.
160
What is the highest common factor of 12 and 138?
6
What is the highest common divisor of 14985 and 74?
37
Calculate the greatest common divisor of 44 and 12.
4
What is the greatest common divisor of 108 and 10584?
108
Calculate the highest common factor of 112 and 2720.
16
What is the greatest common divisor of 8 and 24?
8
What is the highest common factor of 392 and 44?
4
Calculate the greatest common divisor of 27 and 36.
9
What is the greatest common factor of 99 and 72?
9
What is the highest common divisor of 72 and 28?
4
Calculate the highest common factor of 8932 and 56.
28
What is the greatest common divisor of 122 and 5307?
61
Calculate the greatest common factor of 4896 and 468.
36
Calculate the greatest common factor of 155 and 5.
5
What is the greatest common divisor of 188 and 799?
47
Calculate the highest common divisor of 8685 and 180.
45
What is the greatest common divisor of 16 and 6?
2
What is the greatest common factor of 156 and 52?
52
Calculate the greatest common divisor of 5814 and 18.
18
Calculate the highest common divisor of 1274 and 78.
26
What is the greatest common factor of 1888 and 1593?
59
Calculate the highest common factor of 37 and 185.
37
What is the greatest common divisor of 32 and 496?
16
What is the greatest common divisor of 55 and 33?
11
Calculate the highest common divisor of 858 and 1014.
78
What is the highest common factor of 108 and 276?
12
What is the greatest common divisor of 20 and 20590?
10
What is the greatest common factor of 33 and 22?
11
Calculate the greatest common factor of 11 and 55.
11
What is the highest common divisor of 158 and 869?
79
Calculate the highest common factor of 476 and 425.
17
What is the greatest common factor of 450 and 18?
18
Calculate the highest common factor of 1824 and 192.
96
Calculate the greatest common divisor of 4864 and 494.
38
Calculate the highest common divisor of 1921 and 221.
17
What is the highest common factor of 2104 and 24?
8
What is the greatest common factor of 230 and 80?
10
What is the highest common divisor of 24 and 64?
8
What is the highest common factor of 261 and 58?
29
Calculate the greatest common divisor of 42 and 1302.
42
What is the greatest common divisor of 65 and 1170?
65
What is the highest common factor of 480 and 300?
60
What is the greatest common factor of 27923 and 7?
7
Calculate the highest common divisor of 360 and 198.
18
What is the greatest common factor of 10 and 14890?
10
Calculate the highest common factor of 240 and 1005.
15
Calculate the highest common factor of 8 and 15.
1
Calculate the highest common factor of 36 and 48.
12
What is the greatest common factor of 32 and 944?
16
Calculate the highest common divisor of 940 and 376.
188
What is the highest common factor of 2755 and 171?
19
Calculate the highest common factor of 27 and 21.
3
Calculate the greatest common divisor of 24 and 9216.
24
What is the highest common divisor of 539 and 1309?
77
What is the greatest common divisor of 92 and 6716?
92
What is the highest common factor of 5627 and 17?
17
Calculate the highest common factor of 816 and 208.
16
What is the highest common factor of 704 and 16?
16
Calculate the greatest common factor of 54 and 144.
18
Calculate the greatest common divisor of 7 and 623.
7
What is the highest common divisor of 287 and 328?
41
What is the greatest common divisor of 120 and 160?
40
What is the greatest common factor of 118 and 9027?
59
Calculate the greatest common divisor of 20 and 50.
10
Calculate the highest common factor of 14 and 140.
14
Calculate the highest common factor of 209 and 95.
19
What is the greatest common factor of 1030 and 10?
10
What is the greatest common divisor of 9 and 447?
3
Calculate the greatest common factor of 1339 and 2163.
103
Calculate the greatest common factor of 6929 and 169.
169
Calculate the greatest common factor of 78383 and 103.
103
Calculate the highest common divisor of 24 and 612.
12
Calculate the greatest common divisor of 76 and 722.
38
Calculate the greatest common divisor of 21 and 651.
21
Calculate the greatest common divisor of 803 and 121.
11
Calculate the greatest common divisor of 28 and 404.
4
What is the greatest common divisor of 2052 and 288?
36
Calculate the highest common factor of 310 and 31.
31
What is the highest common divisor of 598 and 52?
26
What is the highest common divisor of 472 and 8?
8
What is the highest common factor of 9 and 2979?
9
Calculate the highest common divisor of 38 and 361.
19
What is the highest common divisor of 244 and 220?
4
What is the highest common factor of 268 and 335?
67
What is the highest common divisor of 14 and 224?
14
What is the highest common divisor of 30 and 610?
10
Calculate the highest common factor of 5912 and 16.
8
What is the greatest common divisor of 738 and 5248?
82
Calculate the greatest common divisor of 75 and 250.
25
Calculate the highest common divisor of 770 and 4466.
154
Calculate the highest common divisor of 228 and 1452.
12
What is the greatest common divisor of 32 and 48?
16
Calculate the greatest common factor of 1736 and 14.
14
Calculate the greatest common divisor of 87 and 1537.
29
Calculate the greatest common factor of 1335 and 30.
15
What is the greatest common factor of 513 and 1007?
19
What is the highest common divisor of 75446 and 238?
238
What is the greatest common factor of 1254 and 228?
114
Calculate the greatest common factor of 152 and 66424.
152
Calculate the highest common divisor of 64 and 144.
16
Calculate the greatest common divisor of 80 and 10160.
80
Calculate the highest common factor of 2190 and 15.
15
Calculate the greatest common divisor of 17 and 17.
17
Calculate the highest common divisor of 38 and 114.
